{"id":31971,"date":"2023-07-05T23:15:20","date_gmt":"2023-07-06T04:15:20","guid":{"rendered":"https:\/\/dev.cocoa.pe\/careperuv1\/?page_id=31971"},"modified":"2023-07-06T19:05:02","modified_gmt":"2023-07-07T00:05:02","slug":"nuestro-equipo","status":"publish","type":"page","link":"https:\/\/dev.cocoa.pe\/careperuv1\/nuestro-equipo\/","title":{"rendered":"Nuestro equipo"},"content":{"rendered":"<div class=\"lazyblock-block-powercard-header-LWBs2 wp-block-lazyblock-block-powercard-header\"><section class=\"block_header_powercard d-flex flex-wrap align-items-center position-relative bg- \">\n  <div class=\"container\">\n    <div class=\"row\">\n      <div class=\"col-12 col-xl-8\">\n        <div class=\"block_content py bg-light\">\n          <div data-aos=\"fade-up\" data-aos-duration=\"600\" data-aos-delay=\"400\">\n            <div class=\"lazyblock-inner-blocks\">\n<div class=\"lazyblock-breadcrumbs-ZjIEdq mb-4 wp-block-lazyblock-breadcrumbs\"><ul class=\"breadcrumbs d-flex flex-wrap align-items-center\">\n    <li>\n     <a href=\"https:\/\/dev.cocoa.pe\/careperuv1\/\">\n      Inicio    <\/a>\n  <\/li>\n    <li>\n     <a href=\"https:\/\/dev.cocoa.pe\/careperuv1\/sobre-nosotros\/\">\n      Sobre nosotros    <\/a>\n  <\/li>\n  <\/ul><\/div>\n\n\n<h1 class=\"wp-block-heading\">Nuestro equipo<\/h1>\n\n<\/div>\n          <\/div>\n        <\/div>\n      <\/div>\n    <\/div>\n  <\/div>\n  <figure class=\"block_image mb-0\" data-aos=\"fade\" data-aos-duration=\"800\">\n    <img loading=\"lazy\" decoding=\"async\" width=\"1495\" height=\"934\" src=\"https:\/\/dev.cocoa.pe\/careperuv1\/wp-content\/uploads\/2023\/06\/placeholder_powercard-large.jpg\" class=\"img-fit\" alt=\"\" srcset=\"https:\/\/dev.cocoa.pe\/careperuv1\/wp-content\/uploads\/2023\/06\/placeholder_powercard-large.jpg 1920w, https:\/\/dev.cocoa.pe\/careperuv1\/wp-content\/uploads\/2023\/06\/placeholder_powercard-large-980x613.jpg 980w, https:\/\/dev.cocoa.pe\/careperuv1\/wp-content\/uploads\/2023\/06\/placeholder_powercard-large-768x480.jpg 768w, https:\/\/dev.cocoa.pe\/careperuv1\/wp-content\/uploads\/2023\/06\/placeholder_powercard-large-1536x960.jpg 1536w, https:\/\/dev.cocoa.pe\/careperuv1\/wp-content\/uploads\/2023\/06\/placeholder_powercard-large-120x75.jpg 120w\" sizes=\"auto, (max-width: 1495px) 100vw, 1495px\" \/>      <\/figure>\n<\/section><\/div>\n\n<div class=\"lazyblock-block-section-Z2djqkM wp-block-lazyblock-block-section\"><section class=\"py bg-white\">\n  <div class=\"container\">\n    <div class=\"row\" data-aos=\"fade-up\" data-aos-duration=\"600\">\n      <div class=\"col-12\">\n        <div class=\"lazyblock-inner-blocks\">\n\n<div class=\"row justify-content-center\">\n<div class=\"col-xl-10\">\n<div class=\"wp-block-group is-style-group-border\"><div class=\"wp-block-group__inner-container is-layout-constrained wp-block-group-is-layout-constrained\">\n<h2 class=\"wp-block-heading\">Conoce al equipo comprometido con el prop\u00f3sito de CARE Per\u00fa<\/h2>\n\n\n\n<p>Nuestro Consejo Directivo est\u00e1 conformado por profesionales de primer nivel totalmente comprometidos con la misi\u00f3n, visi\u00f3n y los valores que nos identifican. Con reconocida experiencia en el sector p\u00fablico y privado, ellas y ellos realizan labores ad hon\u00f3rem que tienen como prop\u00f3sito velar por la buena reputaci\u00f3n, supervisar el manejo de los recursos y aprobar las pol\u00edticas que garantizan la sostenibilidad de nuestra instituci\u00f3n.<\/p>\n<\/div><\/div>\n<\/div>\n<\/div>\n\n<\/div>\n      <\/div>\n    <\/div>\n  <\/div>\n<\/section><\/div>\n\n<div class=\"lazyblock-block-section-ZRwvQe wp-block-lazyblock-block-section\"><section class=\"py bg-light bg-radial\">\n  <div class=\"container\">\n    <div class=\"row\" data-aos=\"fade-up\" data-aos-duration=\"600\">\n      <div class=\"col-12\">\n        <div class=\"lazyblock-inner-blocks\">\n\n<div class=\"row justify-content-center mb-4 mb-sm-5\">\n<div class=\"col-xl-10\">\n<h1 class=\"wp-block-heading\">Consejo directivo<\/h1>\n<\/div>\n<\/div>\n\n\n<div class=\"lazyblock-block-consejo-directivo-Z279wos wp-block-lazyblock-block-consejo-directivo\"><div class=\"row mb-4 mb-sm-5\">\r\n  <div class=\"col-12\">\r\n    <div class=\"swiper swiper_consejo\">\r\n      <div class=\"swiper-wrapper\">\r\n                <div class=\"swiper-slide\">\r\n          <article class=\"card_equipo d-flex flex-wrap flex-column h-100 post-32046 consejo-directivo type-consejo-directivo status-publish has-post-thumbnail hentry\" id=\"directivo-32046\">\n\t<figure class=\"card_image mb-0\">\n\t\t<img loading=\"lazy\" decoding=\"async\" width=\"480\" height=\"480\" src=\"https:\/\/dev.cocoa.pe\/careperuv1\/wp-content\/uploads\/2023\/07\/marlene-molero.jpg\" class=\"img-fluid w-100 wp-post-image\" alt=\"\" srcset=\"https:\/\/dev.cocoa.pe\/careperuv1\/wp-content\/uploads\/2023\/07\/marlene-molero.jpg 480w, https:\/\/dev.cocoa.pe\/careperuv1\/wp-content\/uploads\/2023\/07\/marlene-molero-150x150.jpg 150w, https:\/\/dev.cocoa.pe\/careperuv1\/wp-content\/uploads\/2023\/07\/marlene-molero-120x120.jpg 120w, https:\/\/dev.cocoa.pe\/careperuv1\/wp-content\/uploads\/2023\/07\/marlene-molero-220x220.jpg 220w\" sizes=\"auto, (max-width: 480px) 100vw, 480px\" \/>\t<\/figure>\n\t<div class=\"card_content bg-white col px-3 px-sm-4 py-4\">\n\t\t<h3 class=\"h4 text-indigo mb-2\"><a href=\"#\" class=\"stretched-link\" data-bs-toggle=\"modal\" data-bs-target=\"#modalEquipo\" data-bs-equipo=\"https:\/\/dev.cocoa.pe\/careperuv1\/consejo-directivo\/marlene-molero-suarez\/\">Marlene Molero Su\u00e1rez<\/a><\/h3>\n\t\t<p class=\"font-fira\">2da Vicepresidente del Consejo Directivo de CARE Per\u00fa<\/p>\n\t\t\n\t\t<div class=\"d-flex flex-wrap align-items-end justify-content-between\">\n\t\t\t<div class=\"equipo_rrss d-flex flex-wrap position-relative zindex\">\n\t\t\t\t\t\t\t<\/div>\n\t\t\t<div class=\"font-fira text-tiny mt-2 position-relative zindex\">\n\t\t\t\t<a href=\"#\" class=\"btn btn-link\" data-bs-toggle=\"modal\" data-bs-target=\"#modalEquipo\" data-bs-equipo=\"https:\/\/dev.cocoa.pe\/careperuv1\/consejo-directivo\/marlene-molero-suarez\/\">Conocer m\u00e1s<\/a>\n\t\t\t<\/div>\n\t\t<\/div>\t\t\n\t<\/div>\n<\/article>        <\/div>\r\n                <div class=\"swiper-slide\">\r\n          <article class=\"card_equipo d-flex flex-wrap flex-column h-100 post-32044 consejo-directivo type-consejo-directivo status-publish has-post-thumbnail hentry\" id=\"directivo-32044\">\n\t<figure class=\"card_image mb-0\">\n\t\t<img loading=\"lazy\" decoding=\"async\" width=\"480\" height=\"480\" src=\"https:\/\/dev.cocoa.pe\/careperuv1\/wp-content\/uploads\/2023\/07\/jose-allemant.jpg\" class=\"img-fluid w-100 wp-post-image\" alt=\"\" srcset=\"https:\/\/dev.cocoa.pe\/careperuv1\/wp-content\/uploads\/2023\/07\/jose-allemant.jpg 480w, https:\/\/dev.cocoa.pe\/careperuv1\/wp-content\/uploads\/2023\/07\/jose-allemant-150x150.jpg 150w, https:\/\/dev.cocoa.pe\/careperuv1\/wp-content\/uploads\/2023\/07\/jose-allemant-120x120.jpg 120w, https:\/\/dev.cocoa.pe\/careperuv1\/wp-content\/uploads\/2023\/07\/jose-allemant-220x220.jpg 220w\" sizes=\"auto, (max-width: 480px) 100vw, 480px\" \/>\t<\/figure>\n\t<div class=\"card_content bg-white col px-3 px-sm-4 py-4\">\n\t\t<h3 class=\"h4 text-indigo mb-2\"><a href=\"#\" class=\"stretched-link\" data-bs-toggle=\"modal\" data-bs-target=\"#modalEquipo\" data-bs-equipo=\"https:\/\/dev.cocoa.pe\/careperuv1\/consejo-directivo\/jose-allemant-sayan\/\">Jos\u00e9 Allemant Say\u00e1n<\/a><\/h3>\n\t\t<p class=\"font-fira\">1er Vicepresidente del Consejo Directivo de CARE Per\u00fa<\/p>\n\t\t\n\t\t<div class=\"d-flex flex-wrap align-items-end justify-content-between\">\n\t\t\t<div class=\"equipo_rrss d-flex flex-wrap position-relative zindex\">\n\t\t\t\t\t\t\t\t<a href=\"\" class=\"link_rrss\" target=\"_blank\">\n\t\t\t\t\t<svg xmlns=\"http:\/\/www.w3.org\/2000\/svg\" width=\"16\" height=\"16\" fill=\"currentColor\" class=\"bi bi-twitter\" viewBox=\"0 0 16 16\">\n\t\t\t\t\t  <path d=\"M5.026 15c6.038 0 9.341-5.003 9.341-9.334 0-.14 0-.282-.006-.422A6.685 6.685 0 0 0 16 3.542a6.658 6.658 0 0 1-1.889.518 3.301 3.301 0 0 0 1.447-1.817 6.533 6.533 0 0 1-2.087.793A3.286 3.286 0 0 0 7.875 6.03a9.325 9.325 0 0 1-6.767-3.429 3.289 3.289 0 0 0 1.018 4.382A3.323 3.323 0 0 1 .64 6.575v.045a3.288 3.288 0 0 0 2.632 3.218 3.203 3.203 0 0 1-.865.115 3.23 3.23 0 0 1-.614-.057 3.283 3.283 0 0 0 3.067 2.277A6.588 6.588 0 0 1 .78 13.58a6.32 6.32 0 0 1-.78-.045A9.344 9.344 0 0 0 5.026 15z\"\/>\n\t\t\t\t\t<\/svg>\n\t\t\t\t<\/a>\n\t\t\t\t\t\t\t\t<a href=\"\" class=\"link_rrss\" target=\"_blank\">\n\t\t\t\t\t<svg xmlns=\"http:\/\/www.w3.org\/2000\/svg\" width=\"16\" height=\"16\" fill=\"currentColor\" class=\"bi bi-linkedin\" viewBox=\"0 0 16 16\">\n\t\t\t\t\t  <path d=\"M0 1.146C0 .513.526 0 1.175 0h13.65C15.474 0 16 .513 16 1.146v13.708c0 .633-.526 1.146-1.175 1.146H1.175C.526 16 0 15.487 0 14.854V1.146zm4.943 12.248V6.169H2.542v7.225h2.401zm-1.2-8.212c.837 0 1.358-.554 1.358-1.248-.015-.709-.52-1.248-1.342-1.248-.822 0-1.359.54-1.359 1.248 0 .694.521 1.248 1.327 1.248h.016zm4.908 8.212V9.359c0-.216.016-.432.08-.586.173-.431.568-.878 1.232-.878.869 0 1.216.662 1.216 1.634v3.865h2.401V9.25c0-2.22-1.184-3.252-2.764-3.252-1.274 0-1.845.7-2.165 1.193v.025h-.016a5.54 5.54 0 0 1 .016-.025V6.169h-2.4c.03.678 0 7.225 0 7.225h2.4z\"\/>\n\t\t\t\t\t<\/svg>\n\t\t\t\t<\/a>\n\t\t\t\t\t\t\t<\/div>\n\t\t\t<div class=\"font-fira text-tiny mt-2 position-relative zindex\">\n\t\t\t\t<a href=\"#\" class=\"btn btn-link\" data-bs-toggle=\"modal\" data-bs-target=\"#modalEquipo\" data-bs-equipo=\"https:\/\/dev.cocoa.pe\/careperuv1\/consejo-directivo\/jose-allemant-sayan\/\">Conocer m\u00e1s<\/a>\n\t\t\t<\/div>\n\t\t<\/div>\t\t\n\t<\/div>\n<\/article>        <\/div>\r\n                <div class=\"swiper-slide\">\r\n          <article class=\"card_equipo d-flex flex-wrap flex-column h-100 post-32037 consejo-directivo type-consejo-directivo status-publish has-post-thumbnail hentry\" id=\"directivo-32037\">\n\t<figure class=\"card_image mb-0\">\n\t\t<img loading=\"lazy\" decoding=\"async\" width=\"480\" height=\"480\" src=\"https:\/\/dev.cocoa.pe\/careperuv1\/wp-content\/uploads\/2023\/07\/luis-montoya.jpg\" class=\"img-fluid w-100 wp-post-image\" alt=\"\" srcset=\"https:\/\/dev.cocoa.pe\/careperuv1\/wp-content\/uploads\/2023\/07\/luis-montoya.jpg 480w, https:\/\/dev.cocoa.pe\/careperuv1\/wp-content\/uploads\/2023\/07\/luis-montoya-150x150.jpg 150w, https:\/\/dev.cocoa.pe\/careperuv1\/wp-content\/uploads\/2023\/07\/luis-montoya-120x120.jpg 120w, https:\/\/dev.cocoa.pe\/careperuv1\/wp-content\/uploads\/2023\/07\/luis-montoya-220x220.jpg 220w\" sizes=\"auto, (max-width: 480px) 100vw, 480px\" \/>\t<\/figure>\n\t<div class=\"card_content bg-white col px-3 px-sm-4 py-4\">\n\t\t<h3 class=\"h4 text-indigo mb-2\"><a href=\"#\" class=\"stretched-link\" data-bs-toggle=\"modal\" data-bs-target=\"#modalEquipo\" data-bs-equipo=\"https:\/\/dev.cocoa.pe\/careperuv1\/consejo-directivo\/luis-montoya-tillit\/\">Luis Montoya Tillit<\/a><\/h3>\n\t\t<p class=\"font-fira\">Presidente del Consejo Directivo de CARE Per\u00fa<\/p>\n\t\t\n\t\t<div class=\"d-flex flex-wrap align-items-end justify-content-between\">\n\t\t\t<div class=\"equipo_rrss d-flex flex-wrap position-relative zindex\">\n\t\t\t\t\t\t\t\t<a href=\"\" class=\"link_rrss\" target=\"_blank\">\n\t\t\t\t\t<svg xmlns=\"http:\/\/www.w3.org\/2000\/svg\" width=\"16\" height=\"16\" fill=\"currentColor\" class=\"bi bi-linkedin\" viewBox=\"0 0 16 16\">\n\t\t\t\t\t  <path d=\"M0 1.146C0 .513.526 0 1.175 0h13.65C15.474 0 16 .513 16 1.146v13.708c0 .633-.526 1.146-1.175 1.146H1.175C.526 16 0 15.487 0 14.854V1.146zm4.943 12.248V6.169H2.542v7.225h2.401zm-1.2-8.212c.837 0 1.358-.554 1.358-1.248-.015-.709-.52-1.248-1.342-1.248-.822 0-1.359.54-1.359 1.248 0 .694.521 1.248 1.327 1.248h.016zm4.908 8.212V9.359c0-.216.016-.432.08-.586.173-.431.568-.878 1.232-.878.869 0 1.216.662 1.216 1.634v3.865h2.401V9.25c0-2.22-1.184-3.252-2.764-3.252-1.274 0-1.845.7-2.165 1.193v.025h-.016a5.54 5.54 0 0 1 .016-.025V6.169h-2.4c.03.678 0 7.225 0 7.225h2.4z\"\/>\n\t\t\t\t\t<\/svg>\n\t\t\t\t<\/a>\n\t\t\t\t\t\t\t<\/div>\n\t\t\t<div class=\"font-fira text-tiny mt-2 position-relative zindex\">\n\t\t\t\t<a href=\"#\" class=\"btn btn-link\" data-bs-toggle=\"modal\" data-bs-target=\"#modalEquipo\" data-bs-equipo=\"https:\/\/dev.cocoa.pe\/careperuv1\/consejo-directivo\/luis-montoya-tillit\/\">Conocer m\u00e1s<\/a>\n\t\t\t<\/div>\n\t\t<\/div>\t\t\n\t<\/div>\n<\/article>        <\/div>\r\n              <\/div>\r\n    <\/div>\r\n  <\/div>\r\n<\/div>\r\n<div class=\"row\">\r\n\t<div class=\"col-12 d-flex justify-content-end\">\t\t\t\t\t\t\r\n\t\t<button type=\"button\" class=\"swiper-button-prev consejo-prev\">\r\n\t\t\t<svg xmlns=\"http:\/\/www.w3.org\/2000\/svg\" fill=\"currentColor\" viewBox=\"0 0 28 28\">\r\n\t\t\t\t<path d=\"M28,16.1H8l9,9l-3,3L0,14L14,0l3,3l-9,9h20V16.1z\"\/>\r\n\t\t\t<\/svg>\r\n\t\t<\/button>\r\n\t\t<button type=\"button\" class=\"swiper-button-next consejo-next ms-4\">\r\n\t\t\t<svg xmlns=\"http:\/\/www.w3.org\/2000\/svg\" fill=\"currentColor\" viewBox=\"0 0 28 28\">\r\n\t\t\t\t<path d=\"M28,14L14,28l-3-3l9-9H0v-4.2h20l-9-9l3-3L28,14z\"\/>\r\n\t\t\t<\/svg>\r\n\t\t<\/button>\r\n\t<\/div>\r\n<\/div><\/div>\n<\/div>\n      <\/div>\n    <\/div>\n  <\/div>\n<\/section><\/div>\n\n<div class=\"lazyblock-block-featured-2h8jan wp-block-lazyblock-block-featured\"><section class=\"block_featured position-relative py  nobg\">\r\n\t<div class=\"container\">\r\n\t\t<div class=\"row gy-5\">\r\n\t\t\t<div class=\"col-12 col-sm-9 col-lg-8 col-xl-5 d-flex flex-wrap align-items-center\">\r\n\t\t\t\t<div class=\"block_content w-100\" data-aos=\"fade-up\" data-aos-duration=\"400\" data-aos-delay=\"600\">\r\n\t\t\t\t\t<div class=\"lazyblock-inner-blocks\">\n\n<h1 class=\"wp-block-heading mb-4 mb-sm-5\">Nuestro equipo<\/h1>\n\n\n<div class=\"lazyblock-block-equipo-ZapeNb wp-block-lazyblock-block-equipo\"><div class=\"swiper swiper_equipo\">\r\n  <div class=\"swiper-wrapper\">\r\n    <div class=\"swiper-slide\">\r\n          <div class=\"card_equipo\">\r\n        <h3 class=\"text-indigo h4 mb-1\">Maril\u00fa Martens<\/h3>\r\n        <p class=\"font-fira\">Directora Nacional CARE Per\u00fa<\/p>\r\n      <\/div>\r\n              <div class=\"card_equipo\">\r\n        <h3 class=\"text-indigo h4 mb-1\">Piero Franchini<\/h3>\r\n        <p class=\"font-fira\">Auditor\u00eda Interna<\/p>\r\n      <\/div>\r\n              <div class=\"card_equipo\">\r\n        <h3 class=\"text-indigo h4 mb-1\">Ximena Otero<\/h3>\r\n        <p class=\"font-fira\">Directora de Desarrollo y Sostenibilidad<\/p>\r\n      <\/div>\r\n              <div class=\"card_equipo\">\r\n        <h3 class=\"text-indigo h4 mb-1\">Rosa Morales<\/h3>\r\n        <p class=\"font-fira\">Gerente de Programa de Cambio Clim\u00e1tico, Amazon\u00eda y  Gesti\u00f3n de Recursos H\u00eddricos<\/p>\r\n      <\/div>\r\n        <\/div>\r\n    <div class=\"swiper-slide\">\r\n              <div class=\"card_equipo\">\r\n        <h3 class=\"text-indigo h4 mb-1\">M\u00f3nica Arenas<\/h3>\r\n        <p class=\"font-fira\">Directora de Finanzas<\/p>\r\n      <\/div>\r\n              <div class=\"card_equipo\">\r\n        <h3 class=\"text-indigo h4 mb-1\">Viviana Zaldivar<\/h3>\r\n        <p class=\"font-fira\">Directora de Programas<\/p>\r\n      <\/div>\r\n              <div class=\"card_equipo\">\r\n        <h3 class=\"text-indigo h4 mb-1\">Julio Nishikawa<\/h3>\r\n        <p class=\"font-fira\">Gerente de Programa de Empoderamiento Econ\u00f3mico, Seguridad Alimentaria y Nutrici\u00f3n<\/p>\r\n      <\/div>\r\n              <div class=\"card_equipo\">\r\n        <h3 class=\"text-indigo h4 mb-1\">Diana Prudencio<\/h3>\r\n        <p class=\"font-fira\">Gerente de Programa de Inclusi\u00f3n Social, Educaci\u00f3n y Salud<\/p>\r\n      <\/div>\r\n            <\/div>\r\n  <\/div>\r\n<\/div>\r\n<div class=\"d-flex flex-wrap justify-content-end mt-4 mt-sm-5\">\r\n  <button type=\"button\" class=\"swiper-button-prev equipo-prev\">\r\n\t\t<svg xmlns=\"http:\/\/www.w3.org\/2000\/svg\" fill=\"currentColor\" viewBox=\"0 0 28 28\">\r\n\t\t\t<path d=\"M28,16.1H8l9,9l-3,3L0,14L14,0l3,3l-9,9h20V16.1z\"\/>\r\n\t\t<\/svg>\r\n\t<\/button>\r\n\t<button type=\"button\" class=\"swiper-button-next equipo-next ms-4\">\r\n\t\t<svg xmlns=\"http:\/\/www.w3.org\/2000\/svg\" fill=\"currentColor\" viewBox=\"0 0 28 28\">\r\n\t\t\t<path d=\"M28,14L14,28l-3-3l9-9H0v-4.2h20l-9-9l3-3L28,14z\"\/>\r\n\t\t<\/svg>\r\n\t<\/button>\r\n<\/div>\r\n<\/div>\n<\/div>\r\n\t\t\t\t<\/div>\r\n\t\t\t<\/div>\r\n\t\t\t<div class=\"col-12 col-md-10 col-lg-9 col-xl-5\">\r\n\t\t\t\t<figure class=\"block_image mb-0\" data-aos=\"fade\" data-aos-duration=\"600\">\r\n\t\t\t\t  <img loading=\"lazy\" decoding=\"async\" width=\"980\" height=\"920\" src=\"https:\/\/dev.cocoa.pe\/careperuv1\/wp-content\/uploads\/2023\/07\/placeholder_image-equipo2.jpg\" class=\"img-fluid w-100\" alt=\"\" srcset=\"https:\/\/dev.cocoa.pe\/careperuv1\/wp-content\/uploads\/2023\/07\/placeholder_image-equipo2.jpg 980w, https:\/\/dev.cocoa.pe\/careperuv1\/wp-content\/uploads\/2023\/07\/placeholder_image-equipo2-768x721.jpg 768w, https:\/\/dev.cocoa.pe\/careperuv1\/wp-content\/uploads\/2023\/07\/placeholder_image-equipo2-120x113.jpg 120w\" sizes=\"auto, (max-width: 980px) 100vw, 980px\" \/>\t\t\t\t<\/figure>\r\n\t\t\t<\/div>\r\n\t\t<\/div>\r\n\t<\/div>\r\n<\/section><\/div>","protected":false},"excerpt":{"rendered":"","protected":false},"author":1,"featured_media":0,"parent":0,"menu_order":0,"comment_status":"closed","ping_status":"closed","template":"","meta":{"footnotes":""},"class_list":["post-31971","page","type-page","status-publish","hentry"],"acf":[],"_links":{"self":[{"href":"https:\/\/dev.cocoa.pe\/careperuv1\/wp-json\/wp\/v2\/pages\/31971","targetHints":{"allow":["GET"]}}],"collection":[{"href":"https:\/\/dev.cocoa.pe\/careperuv1\/wp-json\/wp\/v2\/pages"}],"about":[{"href":"https:\/\/dev.cocoa.pe\/careperuv1\/wp-json\/wp\/v2\/types\/page"}],"author":[{"embeddable":true,"href":"https:\/\/dev.cocoa.pe\/careperuv1\/wp-json\/wp\/v2\/users\/1"}],"replies":[{"embeddable":true,"href":"https:\/\/dev.cocoa.pe\/careperuv1\/wp-json\/wp\/v2\/comments?post=31971"}],"version-history":[{"count":9,"href":"https:\/\/dev.cocoa.pe\/careperuv1\/wp-json\/wp\/v2\/pages\/31971\/revisions"}],"predecessor-version":[{"id":32075,"href":"https:\/\/dev.cocoa.pe\/careperuv1\/wp-json\/wp\/v2\/pages\/31971\/revisions\/32075"}],"wp:attachment":[{"href":"https:\/\/dev.cocoa.pe\/careperuv1\/wp-json\/wp\/v2\/media?parent=31971"}],"curies":[{"name":"wp","href":"https:\/\/api.w.org\/{rel}","templated":true}]}}