{"id":31945,"date":"2023-07-04T23:40:38","date_gmt":"2023-07-05T04:40:38","guid":{"rendered":"https:\/\/dev.cocoa.pe\/careperuv1\/?page_id=31945"},"modified":"2023-07-06T12:33:10","modified_gmt":"2023-07-06T17:33:10","slug":"quienes-somos","status":"publish","type":"page","link":"https:\/\/dev.cocoa.pe\/careperuv1\/quienes-somos\/","title":{"rendered":"\u00bfQui\u00e9nes somos?"},"content":{"rendered":"<div class=\"lazyblock-block-powercard-header-Z21h9IU wp-block-lazyblock-block-powercard-header\"><section class=\"block_header_powercard d-flex flex-wrap align-items-center position-relative bg- \">\n  <div class=\"container\">\n    <div class=\"row\">\n      <div class=\"col-12 col-xl-8\">\n        <div class=\"block_content py bg-light\">\n          <div data-aos=\"fade-up\" data-aos-duration=\"600\" data-aos-delay=\"400\">\n            <div class=\"lazyblock-inner-blocks\">\n<div class=\"lazyblock-breadcrumbs-ZjIEdq mb-4 wp-block-lazyblock-breadcrumbs\"><ul class=\"breadcrumbs d-flex flex-wrap align-items-center\">\n    <li>\n     <a href=\"https:\/\/dev.cocoa.pe\/careperuv1\/\">\n      Inicio    <\/a>\n  <\/li>\n    <li>\n     <a href=\"https:\/\/dev.cocoa.pe\/careperuv1\/sobre-nosotros\/\">\n      Sobre nosotros    <\/a>\n  <\/li>\n  <\/ul><\/div>\n\n\n<h1 class=\"wp-block-heading\">\u00bfQui\u00e9nes somos?<\/h1>\n\n\n\n<p class=\"h4\">Mejoramos la vida de las mujeres, sus familias y comunidades hacia la justicia social.<\/p>\n\n<\/div>\n          <\/div>\n        <\/div>\n      <\/div>\n    <\/div>\n  <\/div>\n  <figure class=\"block_image mb-0\" data-aos=\"fade\" data-aos-duration=\"800\">\n    <img loading=\"lazy\" decoding=\"async\" width=\"1495\" height=\"934\" src=\"https:\/\/dev.cocoa.pe\/careperuv1\/wp-content\/uploads\/2023\/06\/placeholder_powercard-large.jpg\" class=\"img-fit\" alt=\"\" srcset=\"https:\/\/dev.cocoa.pe\/careperuv1\/wp-content\/uploads\/2023\/06\/placeholder_powercard-large.jpg 1920w, https:\/\/dev.cocoa.pe\/careperuv1\/wp-content\/uploads\/2023\/06\/placeholder_powercard-large-980x613.jpg 980w, https:\/\/dev.cocoa.pe\/careperuv1\/wp-content\/uploads\/2023\/06\/placeholder_powercard-large-768x480.jpg 768w, https:\/\/dev.cocoa.pe\/careperuv1\/wp-content\/uploads\/2023\/06\/placeholder_powercard-large-1536x960.jpg 1536w, https:\/\/dev.cocoa.pe\/careperuv1\/wp-content\/uploads\/2023\/06\/placeholder_powercard-large-120x75.jpg 120w\" sizes=\"auto, (max-width: 1495px) 100vw, 1495px\" \/>      <\/figure>\n<\/section><\/div>\n\n<div class=\"lazyblock-block-section-12mLMw wp-block-lazyblock-block-section\"><section class=\"py bg-white\">\n  <div class=\"container\">\n    <div class=\"row\" data-aos=\"fade-up\" data-aos-duration=\"600\">\n      <div class=\"col-12\">\n        <div class=\"lazyblock-inner-blocks\">\n\n<div class=\"row justify-content-center\">\n<div class=\"col-xl-10\">\n<div class=\"wp-block-group is-style-group-border\"><div class=\"wp-block-group__inner-container is-layout-constrained wp-block-group-is-layout-constrained\">\n<h2 class=\"wp-block-heading has-indigo-color has-text-color\">Mejoramos la vida de las mujeres, sus familias y comunidades hacia la justicia social.<\/h2>\n\n\n\n<p>CARE Per\u00fa trabaja para luchar contra la pobreza y la injusticia social, con un enfoque espec\u00edfico en el empoderamiento de mujeres y ni\u00f1as. Trabajamos codo con codo con las comunidades para comprender las causas profundas de la pobreza y encontrar soluciones innovadoras dirigidas localmente. CARE Per\u00fa busca demostrar los resultados y las metodolog\u00edas utilizadas en nuestros proyectos para garantizar la transparencia y la rendici\u00f3n de cuentas y mejorar la calidad de nuestro trabajo.<\/p>\n<\/div><\/div>\n<\/div>\n<\/div>\n\n<\/div>\n      <\/div>\n    <\/div>\n  <\/div>\n<\/section><\/div>\n\n<div class=\"lazyblock-block-featured-1B3Hgm wp-block-lazyblock-block-featured\"><section class=\"block_featured position-relative py  \">\r\n\t<div class=\"container\">\r\n\t\t<div class=\"row gy-5\">\r\n\t\t\t<div class=\"col-12 col-sm-9 col-lg-8 col-xl-5 d-flex flex-wrap align-items-center\">\r\n\t\t\t\t<div class=\"block_content w-100\" data-aos=\"fade-up\" data-aos-duration=\"400\" data-aos-delay=\"600\">\r\n\t\t\t\t\t<div class=\"lazyblock-inner-blocks\">\n\n<div class=\"wp-block-group mb-4 mb-sm-5\"><div class=\"wp-block-group__inner-container is-layout-constrained wp-block-group-is-layout-constrained\">\n<h2 class=\"wp-block-heading\">Misi\u00f3n<\/h2>\n\n\n\n<p class=\"h4\">Salvar vidas, vencer la pobreza y lograr la justicia social.<\/p>\n<\/div><\/div>\n\n\n\n<div class=\"wp-block-group\"><div class=\"wp-block-group__inner-container is-layout-constrained wp-block-group-is-layout-constrained\">\n<h2 class=\"wp-block-heading\">Visi\u00f3n<\/h2>\n\n\n\n<p class=\"h4\">Buscamos un mundo de esperanza, inclusi\u00f3n y justicia social, donde la pobreza hayasido superada y todas las personas vivan con dignidad y seguridad.<\/p>\n<\/div><\/div>\n\n<\/div>\r\n\t\t\t\t<\/div>\r\n\t\t\t<\/div>\r\n\t\t\t<div class=\"col-12 col-md-10 col-lg-9 col-xl-5\">\r\n\t\t\t\t<figure class=\"block_image mb-0\" data-aos=\"fade\" data-aos-duration=\"600\">\r\n\t\t\t\t  <img loading=\"lazy\" decoding=\"async\" width=\"980\" height=\"743\" src=\"https:\/\/dev.cocoa.pe\/careperuv1\/wp-content\/uploads\/2023\/06\/placeholder_pwc.jpg\" class=\"img-fluid w-100\" alt=\"\" \/>\t\t\t\t<\/figure>\r\n\t\t\t<\/div>\r\n\t\t<\/div>\r\n\t<\/div>\r\n<\/section><\/div>\n\n<div class=\"lazyblock-block-featured-o0LUF mt-5 wp-block-lazyblock-block-featured\"><section class=\"block_featured position-relative py rtl \">\r\n\t<div class=\"container\">\r\n\t\t<div class=\"row gy-5\">\r\n\t\t\t<div class=\"col-12 col-sm-9 col-lg-8 col-xl-5 d-flex flex-wrap align-items-center\">\r\n\t\t\t\t<div class=\"block_content w-100\" data-aos=\"fade-up\" data-aos-duration=\"400\" data-aos-delay=\"600\">\r\n\t\t\t\t\t<div class=\"lazyblock-inner-blocks\">\n\n<div class=\"wp-block-group mb-4 mb-sm-5\"><div class=\"wp-block-group__inner-container is-layout-constrained wp-block-group-is-layout-constrained\">\n<h2 class=\"wp-block-heading\">Prop\u00f3sito<\/h2>\n\n\n\n<p class=\"h4\">Mejoramos la vida de las mujeres, sus familias y comunidades hacia la justicia social.<\/p>\n<\/div><\/div>\n\n\n\n<div class=\"wp-block-group\"><div class=\"wp-block-group__inner-container is-layout-constrained wp-block-group-is-layout-constrained\">\n<h2 class=\"wp-block-heading\">Foco<\/h2>\n\n\n\n<p class=\"h4\">Todas nuestras intervenciones ponen foco en mujeres y ni\u00f1as, ubic\u00e1ndolas en el centro de la estrategia.<\/p>\n<\/div><\/div>\n\n<\/div>\r\n\t\t\t\t<\/div>\r\n\t\t\t<\/div>\r\n\t\t\t<div class=\"col-12 col-md-10 col-lg-9 col-xl-5\">\r\n\t\t\t\t<figure class=\"block_image mb-0\" data-aos=\"fade\" data-aos-duration=\"600\">\r\n\t\t\t\t  <img loading=\"lazy\" decoding=\"async\" width=\"980\" height=\"743\" src=\"https:\/\/dev.cocoa.pe\/careperuv1\/wp-content\/uploads\/2023\/06\/placeholder_pwc.jpg\" class=\"img-fluid w-100\" alt=\"\" \/>\t\t\t\t<\/figure>\r\n\t\t\t<\/div>\r\n\t\t<\/div>\r\n\t<\/div>\r\n<\/section><\/div>\n\n<div class=\"lazyblock-block-section-ILwnH wp-block-lazyblock-block-section\"><section class=\"py bg-white\">\n  <div class=\"container\">\n    <div class=\"row\" data-aos=\"fade-up\" data-aos-duration=\"600\">\n      <div class=\"col-12\">\n        <div class=\"lazyblock-inner-blocks\">\n\n<div class=\"row justify-content-center\">\n<div class=\"col-xl-10\">\n<div class=\"wp-block-group is-style-default\"><div class=\"wp-block-group__inner-container is-layout-constrained wp-block-group-is-layout-constrained\">\n<p class=\"has-indigo-color has-text-color h4\">Ayudamos a mujeres y ni\u00f1as a empoderarse para superar la pobreza, centr\u00e1ndonos en la educaci\u00f3n, el empoderamiento econ\u00f3mico y la promoci\u00f3n de sus voces. En cada proyecto, las participantes se han enfrentado a diversas dificultades, pero tambi\u00e9n han conocido la enorme satisfacci\u00f3n de saber que pueden transformar sus entornos.<\/p>\n<\/div><\/div>\n<\/div>\n<\/div>\n\n<\/div>\n      <\/div>\n    <\/div>\n  <\/div>\n<\/section><\/div>\n\n<div class=\"lazyblock-block-section-ZFGioF wp-block-lazyblock-block-section\"><section class=\"pb bg-white\">\n  <div class=\"container\">\n    <div class=\"row\" data-aos=\"fade-up\" data-aos-duration=\"600\">\n      <div class=\"col-12\">\n        <div class=\"lazyblock-inner-blocks\">\n<div class=\"lazyblock-block-banner-Z2aKr5j wp-block-lazyblock-block-banner\"><section class=\"block_banner position-relative d-flex flex-wrap align-items-center\">\n  <figure class=\"block_image mb-0\" data-aos=\"fade\" data-aos-duration=\"600\">\n    <img loading=\"lazy\" decoding=\"async\" width=\"1495\" height=\"934\" src=\"https:\/\/dev.cocoa.pe\/careperuv1\/wp-content\/uploads\/2023\/06\/placeholder_powercard-large.jpg\" class=\"img-fit\" alt=\"\" srcset=\"https:\/\/dev.cocoa.pe\/careperuv1\/wp-content\/uploads\/2023\/06\/placeholder_powercard-large.jpg 1920w, https:\/\/dev.cocoa.pe\/careperuv1\/wp-content\/uploads\/2023\/06\/placeholder_powercard-large-980x613.jpg 980w, https:\/\/dev.cocoa.pe\/careperuv1\/wp-content\/uploads\/2023\/06\/placeholder_powercard-large-768x480.jpg 768w, https:\/\/dev.cocoa.pe\/careperuv1\/wp-content\/uploads\/2023\/06\/placeholder_powercard-large-1536x960.jpg 1536w, https:\/\/dev.cocoa.pe\/careperuv1\/wp-content\/uploads\/2023\/06\/placeholder_powercard-large-120x75.jpg 120w\" sizes=\"auto, (max-width: 1495px) 100vw, 1495px\" \/>  <\/figure>\n  <div class=\"block_content py text-white w-100\" data-aos=\"fade-up\" data-aos-duration=\"600\" data-aos-delay=\"400\">\n    <div class=\"lazyblock-inner-blocks\">\n\n<div class=\"row justify-content-center justify-content-lg-start\">\n<div class=\"col-lg-7 col-11 col-xl-6 offset-lg-1\">\n<h1 class=\"wp-block-heading\">Nuestra visi\u00f3n<br>al 2030<\/h1>\n\n\n\n<p class=\"h4 font-light\">Conoce el compromiso de CARE Per\u00fa y sus socios de alcanzar un mundo de esperanza, inclusi\u00f3n y justicia social.<\/p>\n\n\n\n<div class=\"wp-block-buttons mt-4 is-layout-flex wp-block-buttons-is-layout-flex\">\n<div class=\"wp-block-button\"><a class=\"wp-block-button__link wp-element-button\" href=\"#\" target=\"_blank\" rel=\"noreferrer noopener\"><span class=\"stretched-link\">Descargar el pdf<\/span><\/a><\/div>\n<\/div>\n<\/div>\n<\/div>\n\n<\/div>\n  <\/div>\n<\/section><\/div>\n<\/div>\n      <\/div>\n    <\/div>\n  <\/div>\n<\/section><\/div>","protected":false},"excerpt":{"rendered":"","protected":false},"author":1,"featured_media":0,"parent":0,"menu_order":0,"comment_status":"closed","ping_status":"closed","template":"","meta":{"footnotes":""},"class_list":["post-31945","page","type-page","status-publish","hentry"],"acf":[],"_links":{"self":[{"href":"https:\/\/dev.cocoa.pe\/careperuv1\/wp-json\/wp\/v2\/pages\/31945","targetHints":{"allow":["GET"]}}],"collection":[{"href":"https:\/\/dev.cocoa.pe\/careperuv1\/wp-json\/wp\/v2\/pages"}],"about":[{"href":"https:\/\/dev.cocoa.pe\/careperuv1\/wp-json\/wp\/v2\/types\/page"}],"author":[{"embeddable":true,"href":"https:\/\/dev.cocoa.pe\/careperuv1\/wp-json\/wp\/v2\/users\/1"}],"replies":[{"embeddable":true,"href":"https:\/\/dev.cocoa.pe\/careperuv1\/wp-json\/wp\/v2\/comments?post=31945"}],"version-history":[{"count":10,"href":"https:\/\/dev.cocoa.pe\/careperuv1\/wp-json\/wp\/v2\/pages\/31945\/revisions"}],"predecessor-version":[{"id":32034,"href":"https:\/\/dev.cocoa.pe\/careperuv1\/wp-json\/wp\/v2\/pages\/31945\/revisions\/32034"}],"wp:attachment":[{"href":"https:\/\/dev.cocoa.pe\/careperuv1\/wp-json\/wp\/v2\/media?parent=31945"}],"curies":[{"name":"wp","href":"https:\/\/api.w.org\/{rel}","templated":true}]}}